 w(7).
9
Let m be (16/(-24))/(1/(-3)). Suppose d + 3*f + 13 = 0, d + 2*f - m = 3*d. Let v(o) = -o + 3. Determine v(d).
7
Let y(t) be the first derivative of -t + 5/3*t**3 + t**2 - 2. Determine y(1).
6
Let f(u) = -u**3 + 5*u**2 - 4*u + 1. Suppose -3*c + 9 - 3 = 0. Suppose -4*i - 5 = -3*q, i - 8 = -c*q - i. Give f(q).
7
Let u(x) = -x**2 - 6*x - 6. Suppose -i - 15 = 2*i. Calculate u(i).
-1
Let l(z) = z**2 + 3*z + 1. Let a be l(-1). Let g be (-2)/8 - a/4. Let w(p) = p**2 + p - 2. Determine w(g).
-2
Suppose -u - 1 = -2*u. Let j(w) be the third derivative of -1/12*w**5 + 0*w + 1/12*w**4 - 1/6*w**3 + 0 + w**2. Determine j(u).
-4
Let i(y) = -y**3 + 2*y**2 + 2*y - 2. Let l be (-2)/(-3) + (-14)/12*-2. What is i(l)?
-5
Let i(s) = 8 + 2 + 6*s + s**2 - 1. Suppose a - 44 = -50. What is i(a)?
9
Let n(c) = 2*c**3 - 3*c**2 - 4*c + 2. Let d(a) = a**3 - 2*a**2 - 2*a + 1. Let b(u) = 7*d(u) - 3*n(u). What is b(5)?
-9
Let s(m) = 8*m - 8. Let c(q) = q - 1. Let r(w) = 6*c(w) - s(w). Let p = -6 - -10. Suppose -p*b - 5 - 3 = 0. Calculate r(b).
6
Let z(d) be the second derivative of -d**3/6 + 2*d**2 + d. Suppose 0 = -y + 2. Suppose 12 - 4 = y*u. Calculate z(u).
0
Let x(z) = -2*z - 1. Let r(m) = m - 1. Let w(v) = 3*v - 4. Let j(c) = -4*r(c) + w(c). Let g be j(-3). Suppose 25 = -u + g*a + 8, -3*a = 2*u - 11. Give x(u).
3
Let z(u) = u**2 + 6*u - 4. Suppose -2*t + 4 = -3*t. Let r = 12 + t. Suppose 5*s + r + 17 = 0. Give z(s).
-9
Let d(x) = -x**2 - 2*x + 2. Let o be (-20)/6*(-30)/(-25). What is d(o)?
-6
Let p(a) = -2*a**2 + 3*a - 4. Let w(g) = -2*g**2 + 3*g - 5. Let m(j) = 3*p(j) - 2*w(j). Let i = -2 + 4. Suppose 0 + i = x. Calculate m(x).
-4
Let u(k) = -4*k - 4. Let a be u(-9). Suppose -5*o + 0*x + a = 3*x, -4*o + 28 = 3*x. Suppose w = -3*w - o. Let g(b) = 3*b**2 + 2*b + 1. What is g(w)?
2
Let x(h) = -3*h**2 + 2*h - 1. Let q(l) = -8*l - 4. Let s be q(-3). Let j = -19 + s. Calculate x(j).
-2
Let b(a) = 15*a + 4. Let m(l) = l + 1. Let f(x) = -b(x) + 5*m(x). What is f(1)?
-9
Let f(w) be the second derivative of w**4/12 + 3*w**3/2 + 9*w**2/2 - 12*w. Determine f(-7).
-5
Suppose -5*i = c - 1, -i + 0*i = 0. Let u(f) = -f - c + 5 - 1. Suppose 0*v = 5*v - 25. Calculate u(v).
-2
Let o(h) be the first derivative of -1/2*h**2 - 1/3*h**3 - h**4 + 3 - h. Determine o(-1).
3
Let n(j) = -3 + 8 - 3*j - 15 + 2*j. Determine n(0).
-10
Let y(t) = t**3 + 2*t**2 + 3*t + 1. Suppose -b = 5*c - 2 + 19, -b + 7 = -3*c. Let h be 4*3/18*c. Determine y(h).
-5
Let h be (-4)/(-18) - 7/(-9). Let i(j) = -4*j**2 - j + 2. Let o(a) = a**2 - a + 1. Let t(d) = h*i(d) + 3*o(d). Determine t(-5).
0
Suppose -5 = -4*f - i, -i - 3*i + 20 = 0. Suppose 3*b - 1 - 2 = f. Let d(m) = -m + m**2 + 0*m**2 - 2*m**2 + 3*m**3 - b. Give d(-1).
-4
Let i = -6 + 5. Let k = i - 0. Let h(x) = -x**3 + x**2 - x - 5. Let j(o) = 1. Let m(c) = k*h(c) - 5*j(c). Give m(0).
0
Let j(t) be the second derivative of t**5/20 - t**4/3 - 2*t**2 - t. Suppose 3*r - 10 = 8*m - 9*m, -2*m = r. Determine j(r).
-4
Let j(t) = t**3 - 5*t**2 - 5*t + 1. Let k be j(6). Let c(q) = -q**2 + 10*q + 1. Give c(k).
22
Let i(f) = 4*f + 1. Let c be -3 + (-10 - 0)/1. Let j = -11 - c. Calculate i(j).
9
Suppose 2*t - 3*a + 7 = 28, -12 = t + 3*a. Let k(q) be the second derivative of -1/6*q**t + 3*q**2 + q + 0. Determine k(0).
6
Let b(x) = 4*x + 2. Let o(f) = f**2 - 1. Let n(z) = b(z) - o(z). Let l(v) = -v. Let j(g) = 3*l(g) + n(g). Let u(h) = -2*h + 18. Let s be u(9). Give j(s).
3
Let v(m) = -9*m**3 - m - 1. Let t(j) = -j**3 + 9*j**2 + 10*j - 1. Let p be t(10). Determine v(p).
9
Let k be (4 - 136/28)*-7. Let o(h) = h + 3. Give o(k).
9
Let x(u) be the third derivative of u**6/120 + 3*u**5/20 - u**4/12 - 11*u**3/6 - 42*u**2. What is x(-9)?
7
Let i = -11 + 15. Let v(b) = b**3 - 3*b**2 - 2*b - 4. Give v(i).
4
Suppose 3*t - 3*y = 0, 0 = -0*t - 3*t - y + 20. Let p = t - 14. Let g(f) = f + 11. Calculate g(p).
2
Let v(w) = w**3 + w**2 + w + 3. Let j be (9/6)/((-2)/(-4)). Suppose j*l = -2*l. Give v(l).
3
Let o(g) = -9*g**3 + 8*g**2 + 8*g + 23. Let f(k) = -5*k**3 + 4*k**2 + 4*k + 12. Let p(l) = -11*f(l) + 6*o(l). Let u = 67 - 71. Calculate p(u).
-10
Let o(r) = -1 - 3*r**3 + r**2 + 2*r**3 - 93*r + 94*r. Give o(0).
-1
Let s(l) = -l**2 + 2*l + 1. Let x = 64 + -65. Calculate s(x).
-2
Let t(i) = i**3 + i**2 - 4*i - 3. Let z be t(-2). Let g be 1 + (z - 0) - -2. Let a(l) = 2*l - 3*l + 2*l + g. Calculate a(-5).
-1
Let d(p) = -p**3 - 10*p**2 + p + 13. Let v be d(-10). Let o(m) = 3*m**3 + m - 13 + 9 - 4*m**v - m**2. Calculate o(0).
-4
Suppose -3*x + 0*x = -2*q - 3, -3*x + 3*q = -6. Let p(l) be the second derivative of -l - 1/6*l**3 + 1/6*l**4 + 0 - 1/2*l**2. Calculate p(x).
2
Let n(c) = -3*c + 3*c**2 + 2*c + 0*c**2 + 3 + 4*c. Let d be (-16)/3 - 8/12. Let f = 4 + d. What is n(f)?
9
Let s(l) = -l**2 + 7*l - 9. Let x(v) = -2*v**2 - 6*v - 7. Let z(o) = -3*o**2 - 7*o - 8. Let n(m) = 4*x(m) - 3*z(m). Let u = 1 - -4. Let d be n(u). Give s(d).
-3
Let c(z) = -5*z - 4 + 6 - 4. Suppose 5*o = -5*u + 20, -4 = -4*o + 2*o. Let w = -4 + u. Calculate c(w).
8
Let a(b) be the third derivative of -b**5/60 - 5*b**4/24 - b**3 + 3*b**2. Let s = 12 - 0. Suppose 2*j = -j - s. Calculate a(j).
-2
Let y(j) = j + 5*j - 7*j + 5*j**2 + 1. Determine y(1).
5
Let f(n) = -n**3 + n. Suppose 5*l + 12 = -2*m - 2, 3*m = 5*l + 29. Suppose 2*t = 4*o + 12, t = 3*t + m*o + 16. Give f(t).
6
Let m(j) = 2*j + 1. Suppose -3*i + g - 3*g + 12 = 0, 3*i - 24 = 2*g. Suppose 0 = -3*r - 2*y - 12, -r - 4*y - 8 - i = 0. Calculate m(r).
-3
Let n(m) be the first derivative of m**4/4 + 2*m**3/3 + m**2/2 - m + 20. Determine n(-2).
-3
Let f(p) = 2*p + 7. Let y(o) = -3*o - 6. Let g(r) = -4*f(r) - 5*y(r). Let w be 1/(((-2)/(-4))/(-1)). What is g(w)?
-12
Let j be (-1)/4 + (-81)/12. Let t = j + 11. Let a(h) = h**2 - 2*h - 2. What is a(t)?
6
Let f(d) = 3*d - 1. Let y = -25 - -28. Determine f(y).
8
Let n(p) = -4*p + 4. Let b(y) = y**2 + y + 1. Let j(a) = 5*a**2 + a + 3. Let h(f) = -6*b(f) + j(f). Let c be h(-3). What is n(c)?
-8
Let k(f) = -3*f. Let j(o) = 6*o - 1. Let a(s) = 2*j(s) + 5*k(s). What is a(-4)?
10
Suppose -4*b - 1 = i, -3*i - 4*b + 4 = b. Suppose -4 = -j - i*j. Let t(w) = -2*w - 1. Calculate t(j).
-3
Let u(x) = x**3 + 10*x**2 - 5*x. Let b(t) = -3*t + 3 - 4 + 2*t**2 - t. Let r be b(3). Let n(v) = -v**3 - 11*v**2 + 6*v. Let k(m) = r*u(m) + 4*n(m). Give k(-6).
6
Suppose 0 = 3*q - 0 - 15. Let m(s) be the third derivative of -s**5/60 + 5*s**4/24 - s**3 - s**2. What is m(q)?
-6
Let f be (-309)/(-9) + (-2)/6. Suppose -3*m = 2*j - 6, 0*j + 5*m + f = 4*j. Let u(b) = -b**2 + 6*b + 2. What is u(j)?
2
Suppose 0 = -0*x + x. Suppose 2*l - 7 = -z + 1, 4*l + z - 16 = x. Let o(b) = b**3 - 4*b**2 - b - 2. What is o(l)?
-6
Let x(j) = 4 - 9 - j**3 + 2*j + 6. Let s be x(-1). Let z(h) = -h + 1 + 0 - 4. Calculate z(s).
-3
Let b(f) be the third derivative of f**5/60 - 5*f**4/24 - 2*f**3/3 - 19*f**2. Determine b(5).
-4
Let i = -5 + 7. Let a(s) = -4*s**i - 2*s + 3*s - 3*s**2. Determine a(1).
-6
Let u(d) = -d**3 - 5*d**2 - 4*d + 1. Let f be u(-4). Let r(t) = t**2 + t - 1. Let j(b) = b**3 + 4*b**2 + 3*b - 3. Let n(h) = -j(h) + 4*r(h). Calculate n(f).
-1
Let a(k) = -k + 7. Suppose -2*r + 13 = -11. Suppose j = -4*g - j + r, -3*j - 27 = -3*g. Give a(g).
2
Let c(p) = 5*p - 4. Let j(m) = -1. Let k(z) = -c(z) + 5*j(z). Let h(s) = -s - 1. Let n(w) = 2*h(w) - k(w). Calculate n(1).
2
Let s(p) = -2. Let d(t) = -3*t + 11. Let w(o) = -d(o) - 6*s(o). Determine w(-3).
-8
Let t(v) = -3*v + v**2 + v + 0*v**2 - 3*v. Give t(4).
-4
Let t(q) = q**2 + 5*q + 3. Suppose -32 = 4*y - 5*v + 7*v, -12 = 4*y - 3*v. Let b be 3/(-9) - (-10)/y. Calculate t(b).
-3
Suppose 0 = -0*f + 3*f - 2*o - 2, 5*o = -5. Let s(d) = d**3 + d**2 + d - 18. Determine s(f).
-18
Let i(t) be the third derivative of -t**5/60 - t**4/3 - 5*t**3/6 - 61*t**2. Calculate i(-5).
10
Let z = 17/22 + -3/11. Let q(w) be the first derivative of w + 1 + z*w**4 - 1/3*w**3 + 0*w**2. What is q(1)?
2
Suppose 0 = -j + 5*j - 8. Let t(w) = w**2 - 5*w + 6. Let l(g) = -g. Let v(s) = 5*s - 1. Let c(k) = -4*l(k) - v(k). Let o(p) = -4*c(p) + t(p). Give o(j).
4
Let f(p) = -p + 4. Let r(v) = v**3 - 5*v**2 + 4*v + 5. Let q be r(4). Suppose 2*n + 4*h = 8, 2*n + 3*h - q = n. Determine f(n).
2
Let n(q) = 2*q**2 + 4*q + 3. Suppose 5*f = -3*v - 0 - 1, 39 = 3